{"id":111,"date":"2012-02-19T16:46:47","date_gmt":"2012-02-19T15:46:47","guid":{"rendered":"http:\/\/skontorpshojden.se\/?page_id=111"},"modified":"2025-01-16T18:40:01","modified_gmt":"2025-01-16T17:40:01","slug":"el-jordfelsbrytare","status":"publish","type":"page","link":"https:\/\/skontorpshojden.se\/?page_id=111","title":{"rendered":"El &#038; Jordfelsbrytare"},"content":{"rendered":"<p>Varje l\u00e4genhet \u00e4r utrustad med ett eget elcentralsk\u00e5p d\u00e4r elen kommer in i bostaden. H\u00e4r sitter huvuds\u00e4kringen f\u00f6r l\u00e4genheten och de olika automats\u00e4kringarna. N\u00e4r en s\u00e4kring \u00e4r tillslagen pekar brytaren upp\u00e5t och om den har l\u00f6st ut s\u00e5 pekar brytaren ner\u00e5t. Du beh\u00f6ver aldrig byta n\u00e5gon automats\u00e4kringen utan \u00e5terst\u00e4ller den enkelt genom att trycka brytaren upp\u00e5t. I elsk\u00e5pet finns ett schema d\u00e4r du kan utl\u00e4sa s\u00e4kringens funktion. Om en s\u00e4kring l\u00f6ser ut, g\u00f6r en fels\u00f6kningen av utrustning som du har inkopplad f\u00f6rst innan du sl\u00e5r p\u00e5 den igen. L\u00e4genheternas elm\u00e4tare \u00e4r placerade i husets el-central i k\u00e4llarna, fj\u00e4rravl\u00e4sning av elf\u00f6rbruknings sker automatiskt av din elleverant\u00f6r. I husets elcentral sitter ocks\u00e5 huvuds\u00e4kringar f\u00f6r l\u00e4genheten som ibland kan l\u00f6sa ut. Extra s\u00e4kringar finns i elcentralen om en s\u00e4kring beh\u00f6vs bytas.<\/p>\n<p>F\u00f6r din och andras s\u00e4kerhet ska elarbeten alltid utf\u00f6ras av auktoriserad elektriker, detta \u00e4r \u00e4ven viktigt ur f\u00f6rs\u00e4kringssynpunkt.<\/p>\n<p><strong>Jordfelsbrytare<\/strong><br \/>\nVarje l\u00e4genhet \u00e4r utrustad med en jordfelsbrytare i sin el-central. Jordfelsbrytaren b\u00f6r kontrolleras med cirka 1 m\u00e5nads intervall genom att trycka in provknappen f\u00f6r att vara s\u00e4ker p\u00e5 att den \u00e4r funktionsduglig.<\/p>\n<p>Om jordfelsbrytaren har l\u00f6st ut prova f\u00f6rst sl\u00e5 till den igen. Om den inte l\u00f6ser ut igen s\u00e5 tyder det p\u00e5 att det var ett tillf\u00e4lligt problem. Om jordfelsbrytaren l\u00f6ser ut direkt efter du har slagit till den igen s\u00e5 koppla ifr\u00e5n samtliga automats\u00e4kringar innan du sl\u00e5r till den igen. Efter du har slagit till jordfelsbrytaren, aktivera automats\u00e4kringarna en \u00e5t g\u00e5ngen tills den l\u00f6ser ut igen. D\u00e5 vet du vilken s\u00e4kring som \u00e4r problemet och kan kontrollera all utrustning som \u00e4r inkopplad. Ta hj\u00e4lp av elektriker om det \u00e4r fel p\u00e5 jordfelsbrytaren eller elcentralen.<\/p>\n<p>F\u00f6r mer information om jordfelsbrytaren, se informationsblad i l\u00e4genhetens sk\u00f6tselp\u00e4rm eller informationen p\u00e5 insidan av el-centralen.<\/p>\n<div id=\"autocurrencytooltip\" style=\"visibility:hidden;\"><\/div>\n","protected":false},"excerpt":{"rendered":"<p>Varje l\u00e4genhet \u00e4r utrustad med ett eget elcentralsk\u00e5p d\u00e4r elen kommer in i bostaden. H\u00e4r sitter huvuds\u00e4kringen f\u00f6r l\u00e4genheten och de olika automats\u00e4kringarna. N\u00e4r en s\u00e4kring \u00e4r tillslagen pekar brytaren upp\u00e5t och om den har l\u00f6st ut s\u00e5 pekar brytaren ner\u00e5t. Du beh\u00f6ver aldrig byta n\u00e5gon automats\u00e4kringen utan \u00e5terst\u00e4ller den enkelt genom att trycka brytaren&#8230;<\/p>\n","protected":false},"author":0,"featured_media":0,"parent":10,"menu_order":0,"comment_status":"closed","ping_status":"closed","template":"","meta":{"jetpack_post_was_ever_published":false,"footnotes":""},"class_list":["post-111","page","type-page","status-publish","hentry"],"jetpack_sharing_enabled":true,"_links":{"self":[{"href":"https:\/\/skontorpshojden.se\/index.php?rest_route=\/wp\/v2\/pages\/111","targetHints":{"allow":["GET"]}}],"collection":[{"href":"https:\/\/skontorpshojden.se\/index.php?rest_route=\/wp\/v2\/pages"}],"about":[{"href":"https:\/\/skontorpshojden.se\/index.php?rest_route=\/wp\/v2\/types\/page"}],"replies":[{"embeddable":true,"href":"https:\/\/skontorpshojden.se\/index.php?rest_route=%2Fwp%2Fv2%2Fcomments&post=111"}],"version-history":[{"count":2,"href":"https:\/\/skontorpshojden.se\/index.php?rest_route=\/wp\/v2\/pages\/111\/revisions"}],"predecessor-version":[{"id":3583,"href":"https:\/\/skontorpshojden.se\/index.php?rest_route=\/wp\/v2\/pages\/111\/revisions\/3583"}],"up":[{"embeddable":true,"href":"https:\/\/skontorpshojden.se\/index.php?rest_route=\/wp\/v2\/pages\/10"}],"wp:attachment":[{"href":"https:\/\/skontorpshojden.se\/index.php?rest_route=%2Fwp%2Fv2%2Fmedia&parent=111"}],"curies":[{"name":"wp","href":"https:\/\/api.w.org\/{rel}","templated":true}]}}