{"id":127,"date":"2012-04-15T20:50:30","date_gmt":"2012-04-15T18:50:30","guid":{"rendered":"http:\/\/skontorpshojden.se\/?page_id=127"},"modified":"2025-05-11T15:01:29","modified_gmt":"2025-05-11T13:01:29","slug":"fasad-balkong-uteplats","status":"publish","type":"page","link":"https:\/\/skontorpshojden.se\/?page_id=127","title":{"rendered":"Fasad, Balkong &#038; Uteplats"},"content":{"rendered":"<p>Husen har putsade fasader med ett t\u00e4tskikt som ska s\u00e4kerst\u00e4lla att fukt inte tar sig in i v\u00e4ggen. Det \u00e4r d\u00e4rf\u00f6r viktigt att vara varsam och inte skada fasaden samt inte g\u00f6ra h\u00e5l i putsen\/fasaden.<\/p>\n<p>Eftersom det \u00e4r bostadsr\u00e4ttsf\u00f6reningen som \u00e4ger husen ska all form av h\u00e5ltagning i fasaden\/balkongen f\u00f6rst godk\u00e4nnas skriftligt av styrelsen.<\/p>\n<p>P\u00e5 grund av garaget och dess bj\u00e4lklag \u00e4r det inte till\u00e5tet att gr\u00e4va p\u00e5 uteplatser eller g\u00e5rden.<\/p>\n<p><strong>Markiser<\/strong><\/p>\n<p>Upps\u00e4ttning av markiser ska alltid godk\u00e4nnas skriftligt av styrelsen. Markisen ska passa till huset och vara i Sandatex nr 929 alternativt 407\/926 (b\u00e5de ljusgr\u00e5). Styrelsen kr\u00e4ver att en beh\u00f6rig mont\u00f6r anlitas samt att du som l\u00e4genhetsinnehavare st\u00e5r f\u00f6r regelbundet underh\u00e5ll och tar ansvar f\u00f6r att ingen skada sker p\u00e5 fasaden.<\/p>\n<p>\u00c4ven balkonginkl\u00e4dnad ska vara i Sandatex nr 929 eller 407\/926.<\/p>\n<div id=\"autocurrencytooltip\" style=\"visibility:hidden;\">\n<\/div>\n<div id=\"autocurrencytooltip\" style=\"visibility:hidden;\"><\/div>\n","protected":false},"excerpt":{"rendered":"<p>Husen har putsade fasader med ett t\u00e4tskikt som ska s\u00e4kerst\u00e4lla att fukt inte tar sig in i v\u00e4ggen. Det \u00e4r d\u00e4rf\u00f6r viktigt att vara varsam och inte skada fasaden samt inte g\u00f6ra h\u00e5l i putsen\/fasaden. Eftersom det \u00e4r bostadsr\u00e4ttsf\u00f6reningen som \u00e4ger husen ska all form av h\u00e5ltagning i fasaden\/balkongen f\u00f6rst godk\u00e4nnas skriftligt av styrelsen. P\u00e5&#8230;<\/p>\n","protected":false},"author":0,"featured_media":0,"parent":10,"menu_order":0,"comment_status":"closed","ping_status":"closed","template":"","meta":{"jetpack_post_was_ever_published":false,"footnotes":""},"class_list":["post-127","page","type-page","status-publish","hentry"],"jetpack_sharing_enabled":true,"_links":{"self":[{"href":"https:\/\/skontorpshojden.se\/index.php?rest_route=\/wp\/v2\/pages\/127","targetHints":{"allow":["GET"]}}],"collection":[{"href":"https:\/\/skontorpshojden.se\/index.php?rest_route=\/wp\/v2\/pages"}],"about":[{"href":"https:\/\/skontorpshojden.se\/index.php?rest_route=\/wp\/v2\/types\/page"}],"replies":[{"embeddable":true,"href":"https:\/\/skontorpshojden.se\/index.php?rest_route=%2Fwp%2Fv2%2Fcomments&post=127"}],"version-history":[{"count":2,"href":"https:\/\/skontorpshojden.se\/index.php?rest_route=\/wp\/v2\/pages\/127\/revisions"}],"predecessor-version":[{"id":3740,"href":"https:\/\/skontorpshojden.se\/index.php?rest_route=\/wp\/v2\/pages\/127\/revisions\/3740"}],"up":[{"embeddable":true,"href":"https:\/\/skontorpshojden.se\/index.php?rest_route=\/wp\/v2\/pages\/10"}],"wp:attachment":[{"href":"https:\/\/skontorpshojden.se\/index.php?rest_route=%2Fwp%2Fv2%2Fmedia&parent=127"}],"curies":[{"name":"wp","href":"https:\/\/api.w.org\/{rel}","templated":true}]}}