{"id":2234,"date":"2022-10-07T08:08:34","date_gmt":"2022-10-07T06:08:34","guid":{"rendered":"https:\/\/skontorpshojden.se\/?page_id=2234"},"modified":"2022-10-07T08:11:29","modified_gmt":"2022-10-07T06:11:29","slug":"stadgar-2","status":"publish","type":"page","link":"https:\/\/skontorpshojden.se\/?page_id=2234","title":{"rendered":"Stadgar"},"content":{"rendered":"\n<p>H\u00e4r kan du l\u00e4sa Brf Sk\u00f6ntorpsh\u00f6jdens stadgar. <\/p>\n\n\n\n<div data-wp-interactive=\"core\/file\" class=\"wp-block-file\"><object data-wp-bind--hidden=\"!state.hasPdfPreview\" hidden class=\"wp-block-file__embed\" data=\"https:\/\/skontorpshojden.se\/wp-content\/uploads\/2022\/10\/stadgar5.pdf\" type=\"application\/pdf\" style=\"width:100%;height:600px\" aria-label=\"Inb\u00e4ddning av Inb\u00e4ddning av Stadgar Brf Sk\u00f6ntorpsh\u00f6jden..\"><\/object><a id=\"wp-block-file--media-45fa656b-5f75-44d3-82a1-ca43c68d1f04\" href=\"https:\/\/skontorpshojden.se\/wp-content\/uploads\/2022\/10\/stadgar5.pdf\">Stadgar Brf Sk\u00f6ntorpsh\u00f6jden<\/a><a href=\"https:\/\/skontorpshojden.se\/wp-content\/uploads\/2022\/10\/stadgar5.pdf\" class=\"wp-block-file__button\" download aria-describedby=\"wp-block-file--media-45fa656b-5f75-44d3-82a1-ca43c68d1f04\">Ladda ner<\/a><\/div>\n","protected":false},"excerpt":{"rendered":"<p>H\u00e4r kan du l\u00e4sa Brf Sk\u00f6ntorpsh\u00f6jdens stadgar.<\/p>\n","protected":false},"author":0,"featured_media":0,"parent":0,"menu_order":0,"comment_status":"closed","ping_status":"closed","template":"","meta":{"jetpack_post_was_ever_published":false,"footnotes":""},"class_list":["post-2234","page","type-page","status-publish","hentry"],"jetpack_sharing_enabled":true,"_links":{"self":[{"href":"https:\/\/skontorpshojden.se\/index.php?rest_route=\/wp\/v2\/pages\/2234","targetHints":{"allow":["GET"]}}],"collection":[{"href":"https:\/\/skontorpshojden.se\/index.php?rest_route=\/wp\/v2\/pages"}],"about":[{"href":"https:\/\/skontorpshojden.se\/index.php?rest_route=\/wp\/v2\/types\/page"}],"replies":[{"embeddable":true,"href":"https:\/\/skontorpshojden.se\/index.php?rest_route=%2Fwp%2Fv2%2Fcomments&post=2234"}],"version-history":[{"count":2,"href":"https:\/\/skontorpshojden.se\/index.php?rest_route=\/wp\/v2\/pages\/2234\/revisions"}],"predecessor-version":[{"id":2243,"href":"https:\/\/skontorpshojden.se\/index.php?rest_route=\/wp\/v2\/pages\/2234\/revisions\/2243"}],"wp:attachment":[{"href":"https:\/\/skontorpshojden.se\/index.php?rest_route=%2Fwp%2Fv2%2Fmedia&parent=2234"}],"curies":[{"name":"wp","href":"https:\/\/api.w.org\/{rel}","templated":true}]}}